e 80 = -s + 2*i, -5*i + 58 - 428 = 5*s. Let q be 6 + 168/(-27) + s/(-18). Let c be (-2 + q/3)*42/4. Let d(x) = -x**3 - 6*x**2 + 7*x - 1. Determine d(c).
-1
Let f(a) = -a**2 - 5*a + 7. Let o be (56/6)/14 + 58/(-6). Let j be 7 + 3 + -6 + o. Determine f(j).
7
Let c be 0 - -1 - 10/(-24)*232/(-145). Let q(w) be the first derivative of -10*w + 5 + c*w**3 + 5/2*w**2. Give q(-7).
4
Let x(y) = y**3 + 5*y**2 - 5*y + 7. Suppose 5*o + 4*k = 2*k + 114, o - 2*k - 30 = 0. Let p be (o/96 - 17/4) + -2. Calculate x(p).
1
Let k(r) = -r**2 - 15*r**3 - 649617*r + 16*r**3 + 649619*r - 3. Determine k(0).
-3
Let d(t) = -43*t - 1247. Let a be d(-29). Let q(x) be the third derivative of a*x - 25*x**2 - 1/24*x**4 + 0 + 0*x**3. Determine q(3).
-3
Let a(v) = 12*v**2 + v. Suppose 26 + 130 = 6*q. Suppose 3*o + 29 = -q*o. Calculate a(o).
11
Let r(q) = -7*q + 55. Let h(s) = 10*s - 85. Let n(a) = -5*h(a) - 7*r(a). Give n(14).
26
Let j(l) = -l**3 + 4*l**2 - 4*l + 3. Let k = -36 - -58. Suppose 2*v - 34 + k = 0. Suppose v*x - 1 = 23. Calculate j(x).
-13
Let a(g) = -8*g + 7. Let k be (6/(-2)*-1)/3. Let o(f) = -f**2 - 1. Let q(c) = k*a(c) - o(c). Let m be (-70)/(-7)*(-36)/(-60). Give q(m).
-4
Let z be (39/(-3) + 9)/((-2)/13). Let l be ((-29)/(-3) - 9) + z/6. Let y(m) = m**2 - m - 12. Give y(l).
8
Suppose -q + 5*q = 5*r + 37, -3*q - 11 = 4*r. Let m(j) = 882*j**2 - j**3 + 0*j**q - 444*j**2 - 2*j + 10 - 433*j**2. Calculate m(5).
0
Let k(j) = j**2 - j - 22. Let f = -1819 + 1827. What is k(f)?
34
Suppose 2*g = 9 - 1. Let i(m) = 2*m + 9 - m - g*m + m. Let y(u) = 14*u - 50. Let c be y(4). Determine i(c).
-3
Let h(j) = -6*j**2 - 123*j - 172. Let p be h(-19). Let v(m) = 16*m**2 - 1. Calculate v(p).
15
Let g(v) = v + 17. Let q be 252/1260 + (-81)/5. Determine g(q).
1
Let r(d) = -626*d - 3760. Let g be r(-6). Let y(b) = -b**3 - b**2 + 8*b + 2. What is y(g)?
18
Let m be 6/(1*5 - (-14 + 5117/272)). Let f(o) = -o**3 + 30*o**2 + 65*o - 35. Determine f(m).
-3
Let l(i) = i**3 - 6*i**2 - i - 4. Suppose -c + 14 = -2*c + 5*a, -5*a + 20 = 0. Let o = c + 0. Determine l(o).
-10
Let n(r) = -r**3 + 5*r**2 + 3. Let o(c) = 3*c**3 - 10*c**2 - 16*c + 24. Let v be o(7). Let a = 456 - v. What is n(a)?
3
Let u(r) = 19*r**3 + r + 24*r + 1 - 24*r. Suppose -9*m - 9 = -12*m - 2*n, 5*n + 10 = -m. Suppose -8*k - m = 3. Give u(k).
-19
Let q(y) = -2*y**3 - 2*y**2 + 15*y - 5. Suppose 3*o - 4*r + 7 = 0, -1449 + 1454 = -5*o + 5*r. Calculate q(o).
-32
Let i(t) = -t**2 + 3*t - 1. Let b be (-189)/693 - 408/(-44). Calculate i(b).
-55
Let w(n) = 4 + 0 - 2 - n. Let y be w(4). Let d(m) be the first derivative of m**3 - m - 1666. What is d(y)?
11
Let o(l) = 4*l + 6. Let c be -2 - (3 - (-6 + 7 + 6)). Give o(c).
14
Let v be (4/62)/((-3374)/(-366079)). Let k(h) = -5*h**3 - 2*h**2 - 2. Let m(p) = -14*p**3 - 7*p**2 + p - 6. Let a(y) = 17*k(y) - 6*m(y). Give a(v).
9
Let d be 4 + (-17)/4 - 9/12. Let r(x) be the first derivative of -8*x**3 - x**2/2 - x - 52. Determine r(d).
-24
Suppose 10*p - 3 = 17. Let x(h) = -4*h + 64*h**3 - 3 - 65*h**3 - 1 - 2*h**2 - 3*h**p. Suppose -9 = 3*m + 3. What is x(m)?
-4
Let n(t) = -56*t**2 - t + 55*t**2 - 3 + 1366*t**3 - 1367*t**3. Determine n(0).
-3
Let n(a) = -a**2 + 10*a. Let z be n(9). Let j(d) = d - 10*d**2 + d**3 + 26*d + 4 - 7 - 15*d. Determine j(z).
24
Let b(u) = -2*u**2 + 3*u - 6. Let r(v) = 3*v - 1. Let f(l) = 3*l**2 + 10*l + 5. Let w(h) = f(h) - 5*r(h). Let p(t) = -8*b(t) - 5*w(t). What is p(2)?
4
Let g(n) = n**2 - 2*n - 2. Suppose 9 = -t - 3*h, 3*t + t = -2*h + 14. Suppose -2*p = -4*a - 32, 56 = 4*p + 2*a - t*a. Suppose -5*m + p = -m. Determine g(m).
1
Let a(j) be the first derivative of -j**3/3 - j**2 + 13*j + 1353. Determine a(4).
-11
Let r(t) = 2*t**2 + 4*t. Suppose 0 = 5*a + 2*j - 19, 5*j + 25 = 4*a - 2*a. Suppose a*o - 5 = g - 21, g = 1. What is r(o)?
6
Let r(o) = -21 - o**2 + 22*o + 16 - 20 + 18 + 20. Determine r(24).
-35
Suppose -3*a + a + 14 = -4*a. Let n(s) = -s**3 - 11*s**2 - 12*s + 8. Give n(a).
-104
Let a(c) be the third derivative of -5*c**4/12 - c**3/3 - 43*c**2. Calculate a(4).
-42
Let c = -9 - -14. Let k(u) be the second derivative of -u**5/20 + u**4/2 + u**3/3 + 2*u**2 + 15*u + 2448. What is k(c)?
39
Let t(w) = -14*w**2 + w - 1. Let q be ((-3)/3)/((-14)/(-910)). Let s = q - -66. Calculate t(s).
-14
Let p(n) = 10*n**3 - n**2 + n. Let l = 257 + -253. Let m be (-4)/14 + (-44)/(-7). Suppose m*o = l + 2. What is p(o)?
10
Let j(a) = a**3 - 38*a**2 - 3*a + 116. Let c be j(38). Let w(p) = 13 - 11665*p + 1 + p**c + 11656*p. Calculate w(8).
6
Let r(o) = -2*o**3 + 4*o**2 + o - 1. Let z be (5/(-4))/(15/120). Let j be ((-6)/(-5))/(1*(-4)/z). What is r(j)?
-16
Let h be (864/45 - 14 - 5) + (-49)/(-5). Let c(g) = 11*g - 95. Give c(h).
15
Suppose -449*m + 205*m - 9380 = 225*m. Let c(t) = t + 67. Determine c(m).
47
Suppose 32 = 32444*c - 32442*c. Let i(q) = 2*q**2 - 32*q + 4. Give i(c).
4
Let x(z) = z**3 - 4*z**2 - 8*z + 4. Let p = -14555 + 14560. Give x(p).
-11
Suppose -2*s + 2*y = -3*y - 2, -4 = s - 5*y. Let k(l) = 28*l**3 - 7*l**2 - l - 3. Let b be k(12). Let r(w) = -2 + 47357*w - b*w - 7 + w**2 + 4. What is r(s)?
7
Let i(m) = m + 19. Let b = -114 - -18. Let a = 96 + b. Calculate i(a).
19
Suppose 5*q - t = -0*q - 24, 3*q - t + 14 = 0. Let p(y) be the first derivative of 13 - 1/2*y**2 - 1/3*y**3 + 5*y. Give p(q).
-15
Let l(x) = 19*x**2 + 35*x + 38. Let i(n) = -67*n**2 - 124*n - 134. Let z(w) = -5*i(w) - 18*l(w). Calculate z(-2).
-22
Let m be 1 - (8 - ((0 - -7) + -4)). Let v be (8 - (6 - -5)) + m + 2. Let x(u) = -u - 12. Calculate x(v).
-7
Let p(r) = -2*r + 263. Let j(t) = -2*t + 535. Let n(h) = 5*j(h) - 11*p(h). Determine n(19).
10
Let c(s) = -s - 9. Let k = 4113 - 4108. Determine c(k).
-14
Let r(z) = 32*z + 41. Let v be ((-4)/(-7))/((-180)/(-1575) - 4/10). What is r(v)?
-23
Let s(b) be the second derivative of 5/2*b**2 + 1/6*b**3 + 0 - 164*b. Give s(4).
9
Let a(k) = -1328*k - 13 + 15 + 1297*k. What is a(2)?
-60
Let g(n) be the second derivative of -n**4/12 - 35*n**3/6 - 265*n**2/2 + 8505*n. What is g(-24)?
-1
Let y = 169 + -165. Let m(j) = -y + 23 - 8 - 2*j - 12 - 5*j**2. Determine m(-1).
-4
Let b(x) = 6*x**2 - 3*x - 256. Let h(m) = -2*m**2 + m + 90. Let q(g) = -6*b(g) - 17*h(g). Determine q(0).
6
Let y(n) = 95*n**3 + n**2 - 29*n**3 - 35*n**3 - 32*n**3 - 28 + 54. Calculate y(0).
26
Let y(d) = 13 + d**3 - 10*d + 5 + 5*d**2 - 21 + 13 - 15. What is y(-6)?
19
Let a(r) be the first derivative of -5*r**4/24 - r**2/2 - 37*r + 33. Let o(z) be the second derivative of a(z). Calculate o(5).
-25
Let s(w) = -w**2 + 19*w + 2. Let d(h) = -3*h**2 + 113*h + 6. Let f(y) = d(y) - 6*s(y). Calculate f(5).
64
Let a(k) be the first derivative of k**4/4 + 7*k**3 - 3*k**2/2 + 18*k + 8241. Calculate a(-21).
81
Let c(r) be the second derivative of r**3/6 + 2*r + 33. Let p(t) = -6*t. Let j(v) = 12*c(v) + p(v). Let i = -5 - -3. Calculate j(i).
-12
Let o be (1/1)/((-10)/20). Let h(x) be the third derivative of 0*x - x**2 - 1/12*x**4 - 1/3*x**3 + 0. Determine h(o).
2
Let l = 1088 - 1095. Let o(i) = -2*i**2 - i**2 - i**3 - 4 - 3 - 3*i - 4*i**2. What is o(l)?
14
Let h be 8/3*(-990)/(-24). Let x = 108 - h. Let z(q) = 5*q. Give z(x).
-10
Let y(l) = l**3 + 2*l - 1. Suppose 22*f + 161 = 51. Let k be 1/1*(8/(-2) - f). What is y(k)?
2
Let h(x) = 2*x - x**2 + 3*x + 0*x**2 + x. Let r = -31184 + 31190. Calculate h(r).
0
Let l(w) be the first derivative of w**2/2 - 8*w - 287. Suppose -2*c = -n + 1 - 13, 3*c = -n + 13. Calculate l(c).
-3
Suppose 4*p - 62 = -5*g, -118 + 110 = -2*g - 4*p. Let z(b) = -6*b**2 + 107*b + 22. Calculate z(g).
4
Let z(d) be the first derivative of d**4/4 - 8*d**3/3 - 2*d**2 + 11*d + 104. Let j(i) = -i**3 + 8*i**2 + 3*i - 11. Let n(p) = -4*j(p) - 3*z(p). Give n(8).
11
Let z(h) = 6*h + 23. Let f be z(-4). Let r(p) = -p. Let n(s) = -2*s - 1. Let i(k) = 17*k - 2. Let w(a) = -i(a) + n(a). Let y(j) = 5*r(j) - w(j). Calculate y(f).
-15
Let l(m) = -m - 2. Let z(w) = -w**2 - 28*w - 90. Let h be z(-4). Let c be (-24*(-6)/84)/(h/(-42)). Determine l(c).
10
Let u(t) = -11 + 4*t - 5*t + 4*t - 5. Let i be u(7). Let v(k) = -k + 0*k + 5*k**2 - 4*k**2 - 4 - i*k. Calculate v(4).
-12
Let x(t) = t - 5. Let h(r) = -4*r - 18. Let k(v) = -h(v) - 2*x(v). What is k(-21)?
-14
Let t(q) = 3*q**3 + q**2 - 4*q - 3. Suppose -2*l - 5*x = 2*